{"id":3963,"date":"2026-02-04T06:15:25","date_gmt":"2026-02-04T06:15:25","guid":{"rendered":"https:\/\/finns-foderhuse.dk\/?page_id=3963"},"modified":"2026-02-21T10:06:39","modified_gmt":"2026-02-21T10:06:39","slug":"alt-det-andet-jeg-laver","status":"publish","type":"page","link":"https:\/\/finns-foderhuse.dk\/index.php\/alt-det-andet-jeg-laver\/","title":{"rendered":"Alt det andet jeg laver"},"content":{"rendered":"\t\t<div data-elementor-type=\"wp-page\" data-elementor-id=\"3963\" class=\"elementor elementor-3963\">\n\t\t\t\t<div class=\"elementor-element elementor-element-15f26532 e-flex e-con-boxed wpr-particle-no wpr-jarallax-no wpr-parallax-no wpr-sticky-section-no wpr-equal-height-no e-con e-parent\" data-id=\"15f26532\" data-element_type=\"container\" data-e-type=\"container\">\n\t\t\t\t\t<div class=\"e-con-inner\">\n\t\t\t\t<div class=\"elementor-element elementor-element-6c061b5e elementor-widget elementor-widget-text-editor\" data-id=\"6c061b5e\" data-element_type=\"widget\" data-e-type=\"widget\" data-widget_type=\"text-editor.default\">\n\t\t\t\t\t\t\t\t\t\t\t\t\t\t\t\t\t<\/div>\n\t\t\t\t\t<\/div>\n\t\t\t\t<\/div>\n\t\t<div class=\"elementor-element elementor-element-6ba20a9 e-grid e-con-boxed wpr-particle-no wpr-jarallax-no wpr-parallax-no wpr-sticky-section-no wpr-equal-height-no e-con e-parent\" data-id=\"6ba20a9\" data-element_type=\"container\" data-e-type=\"container\">\n\t\t\t\t\t<div class=\"e-con-inner\">\n\t\t\t\t<div class=\"elementor-element elementor-element-07f1c70 elementor-widget elementor-widget-image\" data-id=\"07f1c70\" data-element_type=\"widget\" data-e-type=\"widget\" data-widget_type=\"image.default\">\n\t\t\t\t\t\t\t\t\t\t\t\t<figure class=\"wp-caption\">\n\t\t\t\t\t\t\t\t\t\t\t<a href=\"https:\/\/finns-foderhuse.dk\/index.php\/vinreol-til-overskab-2\/\" target=\"_blank\">\n\t\t\t\t\t\t\t<img fetchpriority=\"high\" decoding=\"async\" width=\"899\" height=\"600\" src=\"https:\/\/finns-foderhuse.dk\/wp-content\/uploads\/2025\/06\/VinReol-flaske-paa-faerdig-reol-1.jpg\" class=\"attachment-large size-large wp-image-1736\" alt=\"vinreol til overskab\" srcset=\"https:\/\/finns-foderhuse.dk\/wp-content\/uploads\/2025\/06\/VinReol-flaske-paa-faerdig-reol-1.jpg 899w, https:\/\/finns-foderhuse.dk\/wp-content\/uploads\/2025\/06\/VinReol-flaske-paa-faerdig-reol-1-300x200.jpg 300w, https:\/\/finns-foderhuse.dk\/wp-content\/uploads\/2025\/06\/VinReol-flaske-paa-faerdig-reol-1-768x513.jpg 768w\" sizes=\"(max-width: 899px) 100vw, 899px\" \/>\t\t\t\t\t\t\t\t<\/a>\n\t\t\t\t\t\t\t\t\t\t\t<figcaption class=\"widget-image-caption wp-caption-text\">vinreol til overskab<\/figcaption>\n\t\t\t\t\t\t\t\t\t\t<\/figure>\n\t\t\t\t\t\t\t\t\t<\/div>\n\t\t\t\t<div class=\"elementor-element elementor-element-5a0a51d elementor-widget elementor-widget-image\" data-id=\"5a0a51d\" data-element_type=\"widget\" data-e-type=\"widget\" data-widget_type=\"image.default\">\n\t\t\t\t\t\t\t\t\t\t\t\t<figure class=\"wp-caption\">\n\t\t\t\t\t\t\t\t\t\t\t<a href=\"https:\/\/finns-foderhuse.dk\/index.php\/traekasser-til-opbevaring\/\" target=\"_blank\">\n\t\t\t\t\t\t\t<img decoding=\"async\" width=\"900\" height=\"600\" data-src=\"https:\/\/finns-foderhuse.dk\/wp-content\/uploads\/2025\/06\/traekasse-paa-baenk-med-blomst.jpg\" class=\"attachment-large size-large wp-image-1792 lazyload\" alt=\"lille tr\u00e6kasse\" data-srcset=\"https:\/\/finns-foderhuse.dk\/wp-content\/uploads\/2025\/06\/traekasse-paa-baenk-med-blomst.jpg 900w, https:\/\/finns-foderhuse.dk\/wp-content\/uploads\/2025\/06\/traekasse-paa-baenk-med-blomst-300x200.jpg 300w, https:\/\/finns-foderhuse.dk\/wp-content\/uploads\/2025\/06\/traekasse-paa-baenk-med-blomst-768x512.jpg 768w\" data-sizes=\"(max-width: 900px) 100vw, 900px\" src=\"data:image\/svg+xml;base64,PHN2ZyB3aWR0aD0iMSIgaGVpZ2h0PSIxIiB4bWxucz0iaHR0cDovL3d3dy53My5vcmcvMjAwMC9zdmciPjwvc3ZnPg==\" style=\"--smush-placeholder-width: 900px; --smush-placeholder-aspect-ratio: 900\/600;\" \/>\t\t\t\t\t\t\t\t<\/a>\n\t\t\t\t\t\t\t\t\t\t\t<figcaption class=\"widget-image-caption wp-caption-text\">Tr\u00e6kasser<\/figcaption>\n\t\t\t\t\t\t\t\t\t\t<\/figure>\n\t\t\t\t\t\t\t\t\t<\/div>\n\t\t\t\t<div class=\"elementor-element elementor-element-24cf21d elementor-widget elementor-widget-image\" data-id=\"24cf21d\" data-element_type=\"widget\" data-e-type=\"widget\" data-widget_type=\"image.default\">\n\t\t\t\t\t\t\t\t\t\t\t\t<figure class=\"wp-caption\">\n\t\t\t\t\t\t\t\t\t\t\t<a href=\"https:\/\/finns-foderhuse.dk\/index.php\/mini-bibliotek-i-freltofte-2\/\" target=\"_blank\">\n\t\t\t\t\t\t\t<img decoding=\"async\" width=\"900\" height=\"600\" data-src=\"https:\/\/finns-foderhuse.dk\/wp-content\/uploads\/2025\/07\/Mini-bibliotek-Monteret-i-Freltofte.jpg\" class=\"attachment-large size-large wp-image-2506 lazyload\" alt=\"Mini bibliotek - Monteret i Freltofte\" data-srcset=\"https:\/\/finns-foderhuse.dk\/wp-content\/uploads\/2025\/07\/Mini-bibliotek-Monteret-i-Freltofte.jpg 900w, https:\/\/finns-foderhuse.dk\/wp-content\/uploads\/2025\/07\/Mini-bibliotek-Monteret-i-Freltofte-300x200.jpg 300w, https:\/\/finns-foderhuse.dk\/wp-content\/uploads\/2025\/07\/Mini-bibliotek-Monteret-i-Freltofte-768x512.jpg 768w\" data-sizes=\"(max-width: 900px) 100vw, 900px\" src=\"data:image\/svg+xml;base64,PHN2ZyB3aWR0aD0iMSIgaGVpZ2h0PSIxIiB4bWxucz0iaHR0cDovL3d3dy53My5vcmcvMjAwMC9zdmciPjwvc3ZnPg==\" style=\"--smush-placeholder-width: 900px; --smush-placeholder-aspect-ratio: 900\/600;\" \/>\t\t\t\t\t\t\t\t<\/a>\n\t\t\t\t\t\t\t\t\t\t\t<figcaption class=\"widget-image-caption wp-caption-text\">Mini bibliotek - Monteret i Freltofte<\/figcaption>\n\t\t\t\t\t\t\t\t\t\t<\/figure>\n\t\t\t\t\t\t\t\t\t<\/div>\n\t\t\t\t<div class=\"elementor-element elementor-element-3ca1dc9 elementor-widget elementor-widget-image\" data-id=\"3ca1dc9\" data-element_type=\"widget\" data-e-type=\"widget\" data-widget_type=\"image.default\">\n\t\t\t\t\t\t\t\t\t\t\t\t<figure class=\"wp-caption\">\n\t\t\t\t\t\t\t\t\t\t\t<a href=\"https:\/\/finns-foderhuse.dk\/index.php\/ugle-redekasse\/\" target=\"_blank\">\n\t\t\t\t\t\t\t<img decoding=\"async\" width=\"675\" height=\"506\" data-src=\"https:\/\/finns-foderhuse.dk\/wp-content\/uploads\/2025\/06\/uglekasse-10.jpg\" class=\"attachment-large size-large wp-image-1956 lazyload\" alt=\"uglekasse\" data-srcset=\"https:\/\/finns-foderhuse.dk\/wp-content\/uploads\/2025\/06\/uglekasse-10.jpg 675w, https:\/\/finns-foderhuse.dk\/wp-content\/uploads\/2025\/06\/uglekasse-10-300x225.jpg 300w, https:\/\/finns-foderhuse.dk\/wp-content\/uploads\/2025\/06\/uglekasse-10-100x75.jpg 100w\" data-sizes=\"(max-width: 675px) 100vw, 675px\" src=\"data:image\/svg+xml;base64,PHN2ZyB3aWR0aD0iMSIgaGVpZ2h0PSIxIiB4bWxucz0iaHR0cDovL3d3dy53My5vcmcvMjAwMC9zdmciPjwvc3ZnPg==\" style=\"--smush-placeholder-width: 675px; --smush-placeholder-aspect-ratio: 675\/506;\" \/>\t\t\t\t\t\t\t\t<\/a>\n\t\t\t\t\t\t\t\t\t\t\t<figcaption class=\"widget-image-caption wp-caption-text\">uglekasse<\/figcaption>\n\t\t\t\t\t\t\t\t\t\t<\/figure>\n\t\t\t\t\t\t\t\t\t<\/div>\n\t\t\t\t<div class=\"elementor-element elementor-element-bee5231 elementor-widget elementor-widget-image\" data-id=\"bee5231\" data-element_type=\"widget\" data-e-type=\"widget\" data-widget_type=\"image.default\">\n\t\t\t\t\t\t\t\t\t\t\t\t<figure class=\"wp-caption\">\n\t\t\t\t\t\t\t\t\t\t<img decoding=\"async\" width=\"780\" height=\"585\" data-src=\"https:\/\/finns-foderhuse.dk\/wp-content\/uploads\/2025\/06\/plantekasse-paa-hjul-faerdig-e1770186320142.jpg\" class=\"attachment-large size-large wp-image-1964 lazyload\" alt=\"plantekasse p\u00e5 hjul f\u00e6rdig\" src=\"data:image\/svg+xml;base64,PHN2ZyB3aWR0aD0iMSIgaGVpZ2h0PSIxIiB4bWxucz0iaHR0cDovL3d3dy53My5vcmcvMjAwMC9zdmciPjwvc3ZnPg==\" style=\"--smush-placeholder-width: 780px; --smush-placeholder-aspect-ratio: 780\/585;\" \/>\t\t\t\t\t\t\t\t\t\t\t<figcaption class=\"widget-image-caption wp-caption-text\">Plantekasser<\/figcaption>\n\t\t\t\t\t\t\t\t\t\t<\/figure>\n\t\t\t\t\t\t\t\t\t<\/div>\n\t\t\t\t<div class=\"elementor-element elementor-element-b547e42 elementor-widget elementor-widget-image\" data-id=\"b547e42\" data-element_type=\"widget\" data-e-type=\"widget\" data-widget_type=\"image.default\">\n\t\t\t\t\t\t\t\t\t\t\t\t<figure class=\"wp-caption\">\n\t\t\t\t\t\t\t\t\t\t<img decoding=\"async\" width=\"900\" height=\"600\" data-src=\"https:\/\/finns-foderhuse.dk\/wp-content\/uploads\/2025\/07\/Skaerebraet-fra-siden.jpg\" class=\"attachment-large size-large wp-image-1977 lazyload\" alt=\"Sk\u00e6rebr\u00e6t\" data-srcset=\"https:\/\/finns-foderhuse.dk\/wp-content\/uploads\/2025\/07\/Skaerebraet-fra-siden.jpg 900w, https:\/\/finns-foderhuse.dk\/wp-content\/uploads\/2025\/07\/Skaerebraet-fra-siden-300x200.jpg 300w, https:\/\/finns-foderhuse.dk\/wp-content\/uploads\/2025\/07\/Skaerebraet-fra-siden-768x512.jpg 768w, https:\/\/finns-foderhuse.dk\/wp-content\/uploads\/2025\/07\/Skaerebraet-fra-siden-100x67.jpg 100w\" data-sizes=\"(max-width: 900px) 100vw, 900px\" src=\"data:image\/svg+xml;base64,PHN2ZyB3aWR0aD0iMSIgaGVpZ2h0PSIxIiB4bWxucz0iaHR0cDovL3d3dy53My5vcmcvMjAwMC9zdmciPjwvc3ZnPg==\" style=\"--smush-placeholder-width: 900px; --smush-placeholder-aspect-ratio: 900\/600;\" \/>\t\t\t\t\t\t\t\t\t\t\t<figcaption class=\"widget-image-caption wp-caption-text\">Sk\u00e6rebr\u00e6t<\/figcaption>\n\t\t\t\t\t\t\t\t\t\t<\/figure>\n\t\t\t\t\t\t\t\t\t<\/div>\n\t\t\t\t<div class=\"elementor-element elementor-element-82cbbdb elementor-widget elementor-widget-image\" data-id=\"82cbbdb\" data-element_type=\"widget\" data-e-type=\"widget\" data-widget_type=\"image.default\">\n\t\t\t\t\t\t\t\t\t\t\t\t<figure class=\"wp-caption\">\n\t\t\t\t\t\t\t\t\t\t\t<a href=\"https:\/\/finns-foderhuse.dk\/index.php\/motion-m-m-cykling-gravel-cykling-gravel-ruter-landvejs-ruter-landevejs-cykling\/\" target=\"_blank\">\n\t\t\t\t\t\t\t<img decoding=\"async\" width=\"1024\" height=\"523\" data-src=\"https:\/\/finns-foderhuse.dk\/wp-content\/uploads\/2025\/07\/50-km-gravel-langs-odense-Aa-1024x523.jpg\" class=\"attachment-large size-large wp-image-2656 lazyload\" alt=\"50 km gravel langs odense \u00c5\" data-srcset=\"https:\/\/finns-foderhuse.dk\/wp-content\/uploads\/2025\/07\/50-km-gravel-langs-odense-Aa-1024x523.jpg 1024w, https:\/\/finns-foderhuse.dk\/wp-content\/uploads\/2025\/07\/50-km-gravel-langs-odense-Aa-300x153.jpg 300w, https:\/\/finns-foderhuse.dk\/wp-content\/uploads\/2025\/07\/50-km-gravel-langs-odense-Aa-768x392.jpg 768w, https:\/\/finns-foderhuse.dk\/wp-content\/uploads\/2025\/07\/50-km-gravel-langs-odense-Aa.jpg 1175w\" data-sizes=\"(max-width: 1024px) 100vw, 1024px\" src=\"data:image\/svg+xml;base64,PHN2ZyB3aWR0aD0iMSIgaGVpZ2h0PSIxIiB4bWxucz0iaHR0cDovL3d3dy53My5vcmcvMjAwMC9zdmciPjwvc3ZnPg==\" style=\"--smush-placeholder-width: 1024px; --smush-placeholder-aspect-ratio: 1024\/523;\" \/>\t\t\t\t\t\t\t\t<\/a>\n\t\t\t\t\t\t\t\t\t\t\t<figcaption class=\"widget-image-caption wp-caption-text\">Mine cykelruter p\u00e5 Gravel- og Racercykel<\/figcaption>\n\t\t\t\t\t\t\t\t\t\t<\/figure>\n\t\t\t\t\t\t\t\t\t<\/div>\n\t\t\t\t\t<\/div>\n\t\t\t\t<\/div>\n\t\t<div class=\"elementor-element elementor-element-65ddf14 e-flex e-con-boxed wpr-particle-no wpr-jarallax-no wpr-parallax-no wpr-sticky-section-no wpr-equal-height-no e-con e-parent\" data-id=\"65ddf14\" data-element_type=\"container\" data-e-type=\"container\">\n\t\t\t\t\t<div class=\"e-con-inner\">\n\t\t\t\t<div class=\"elementor-element elementor-element-6c16e43 elementor-widget elementor-widget-image\" data-id=\"6c16e43\" data-element_type=\"widget\" data-e-type=\"widget\" data-widget_type=\"image.default\">\n\t\t\t\t\t\t\t\t\t\t\t\t\t\t\t<img decoding=\"async\" width=\"1024\" height=\"213\" data-src=\"https:\/\/finns-foderhuse.dk\/wp-content\/uploads\/2025\/05\/Rapsmark-i-flor-1024x213.jpg\" class=\"attachment-large size-large wp-image-522 lazyload\" alt=\"Rapsmark i flor\" data-srcset=\"https:\/\/finns-foderhuse.dk\/wp-content\/uploads\/2025\/05\/Rapsmark-i-flor-1024x213.jpg 1024w, https:\/\/finns-foderhuse.dk\/wp-content\/uploads\/2025\/05\/Rapsmark-i-flor-300x63.jpg 300w, https:\/\/finns-foderhuse.dk\/wp-content\/uploads\/2025\/05\/Rapsmark-i-flor-768x160.jpg 768w, https:\/\/finns-foderhuse.dk\/wp-content\/uploads\/2025\/05\/Rapsmark-i-flor-1536x320.jpg 1536w, https:\/\/finns-foderhuse.dk\/wp-content\/uploads\/2025\/05\/Rapsmark-i-flor.jpg 1920w\" data-sizes=\"(max-width: 1024px) 100vw, 1024px\" src=\"data:image\/svg+xml;base64,PHN2ZyB3aWR0aD0iMSIgaGVpZ2h0PSIxIiB4bWxucz0iaHR0cDovL3d3dy53My5vcmcvMjAwMC9zdmciPjwvc3ZnPg==\" style=\"--smush-placeholder-width: 1024px; --smush-placeholder-aspect-ratio: 1024\/213;\" \/>\t\t\t\t\t\t\t\t\t\t\t\t\t\t\t<\/div>\n\t\t\t\t\t<\/div>\n\t\t\t\t<\/div>\n\t\t\t\t<\/div>\n\t\t","protected":false},"excerpt":{"rendered":"<p>vinreol til overskab Tr\u00e6kasser Mini bibliotek &#8211; Monteret i Freltofte uglekasse Plantekasser Sk\u00e6rebr\u00e6t Mine cykelruter p\u00e5 Gravel- og Racercykel<\/p>\n","protected":false},"author":1,"featured_media":0,"parent":0,"menu_order":0,"comment_status":"open","ping_status":"closed","template":"","meta":{"_acf_changed":false,"googlesitekit_rrm_CAow9bW7DA:productID":"","_zb_attr":"","zolo_post_video_link":"","footnotes":""},"class_list":["post-3963","page","type-page","status-publish"],"acf":[],"yoast_head":"<!-- This site is optimized with the Yoast SEO plugin v27.4 - https:\/\/yoast.com\/product\/yoast-seo-wordpress\/ -->\n<title>Alt det andet jeg laver - finns-foderhuse<\/title>\n<meta name=\"description\" content=\"Her kan du se hvad jeg ellers laver, vinreol, tr\u00e6kasser, opskrifter, cykelruter p\u00e5 gravel og landevej, redekasser til mejser, st\u00e6re og egern\" \/>\n<meta name=\"robots\" content=\"index, follow, max-snippet:-1, max-image-preview:large, max-video-preview:-1\" \/>\n<link rel=\"canonical\" href=\"https:\/\/finns-foderhuse.dk\/index.php\/alt-det-andet-jeg-laver\/\" \/>\n<meta property=\"og:locale\" content=\"da_DK\" \/>\n<meta property=\"og:type\" content=\"article\" \/>\n<meta property=\"og:title\" content=\"Alt det andet jeg laver - finns-foderhuse\" \/>\n<meta property=\"og:description\" content=\"Her kan du se hvad jeg ellers laver, vinreol, tr\u00e6kasser, opskrifter, cykelruter p\u00e5 gravel og landevej, redekasser til mejser, st\u00e6re og egern\" \/>\n<meta property=\"og:url\" content=\"https:\/\/finns-foderhuse.dk\/index.php\/alt-det-andet-jeg-laver\/\" \/>\n<meta property=\"og:site_name\" content=\"finns-foderhuse\" \/>\n<meta property=\"article:modified_time\" content=\"2026-02-21T10:06:39+00:00\" \/>\n<meta property=\"og:image\" content=\"https:\/\/finns-foderhuse.dk\/wp-content\/uploads\/2025\/06\/VinReol-flaske-paa-faerdig-reol-1.jpg\" \/>\n<meta name=\"twitter:card\" content=\"summary_large_image\" \/>\n<meta name=\"twitter:label1\" content=\"Estimeret l\u00e6setid\" \/>\n\t<meta name=\"twitter:data1\" content=\"2 minutter\" \/>\n<script type=\"application\/ld+json\" class=\"yoast-schema-graph\">{\"@context\":\"https:\\\/\\\/schema.org\",\"@graph\":[{\"@type\":\"WebPage\",\"@id\":\"https:\\\/\\\/finns-foderhuse.dk\\\/index.php\\\/alt-det-andet-jeg-laver\\\/\",\"url\":\"https:\\\/\\\/finns-foderhuse.dk\\\/index.php\\\/alt-det-andet-jeg-laver\\\/\",\"name\":\"Alt det andet jeg laver - finns-foderhuse\",\"isPartOf\":{\"@id\":\"https:\\\/\\\/finns-foderhuse.dk\\\/#website\"},\"primaryImageOfPage\":{\"@id\":\"https:\\\/\\\/finns-foderhuse.dk\\\/index.php\\\/alt-det-andet-jeg-laver\\\/#primaryimage\"},\"image\":{\"@id\":\"https:\\\/\\\/finns-foderhuse.dk\\\/index.php\\\/alt-det-andet-jeg-laver\\\/#primaryimage\"},\"thumbnailUrl\":\"https:\\\/\\\/finns-foderhuse.dk\\\/wp-content\\\/uploads\\\/2025\\\/06\\\/VinReol-flaske-paa-faerdig-reol-1.jpg\",\"datePublished\":\"2026-02-04T06:15:25+00:00\",\"dateModified\":\"2026-02-21T10:06:39+00:00\",\"description\":\"Her kan du se hvad jeg ellers laver, vinreol, tr\u00e6kasser, opskrifter, cykelruter p\u00e5 gravel og landevej, redekasser til mejser, st\u00e6re og egern\",\"breadcrumb\":{\"@id\":\"https:\\\/\\\/finns-foderhuse.dk\\\/index.php\\\/alt-det-andet-jeg-laver\\\/#breadcrumb\"},\"inLanguage\":\"da-DK\",\"potentialAction\":[{\"@type\":\"ReadAction\",\"target\":[\"https:\\\/\\\/finns-foderhuse.dk\\\/index.php\\\/alt-det-andet-jeg-laver\\\/\"]}]},{\"@type\":\"ImageObject\",\"inLanguage\":\"da-DK\",\"@id\":\"https:\\\/\\\/finns-foderhuse.dk\\\/index.php\\\/alt-det-andet-jeg-laver\\\/#primaryimage\",\"url\":\"https:\\\/\\\/finns-foderhuse.dk\\\/wp-content\\\/uploads\\\/2025\\\/06\\\/VinReol-flaske-paa-faerdig-reol-1.jpg\",\"contentUrl\":\"https:\\\/\\\/finns-foderhuse.dk\\\/wp-content\\\/uploads\\\/2025\\\/06\\\/VinReol-flaske-paa-faerdig-reol-1.jpg\",\"width\":899,\"height\":600,\"caption\":\"vinreol til overskab\"},{\"@type\":\"BreadcrumbList\",\"@id\":\"https:\\\/\\\/finns-foderhuse.dk\\\/index.php\\\/alt-det-andet-jeg-laver\\\/#breadcrumb\",\"itemListElement\":[{\"@type\":\"ListItem\",\"position\":1,\"name\":\"Hjem\",\"item\":\"https:\\\/\\\/finns-foderhuse.dk\\\/\"},{\"@type\":\"ListItem\",\"position\":2,\"name\":\"Alt det andet jeg laver\"}]},{\"@type\":\"WebSite\",\"@id\":\"https:\\\/\\\/finns-foderhuse.dk\\\/#website\",\"url\":\"https:\\\/\\\/finns-foderhuse.dk\\\/\",\"name\":\"foderhuse og stativer\",\"description\":\"foderhuse og stativer\",\"publisher\":{\"@id\":\"https:\\\/\\\/finns-foderhuse.dk\\\/#\\\/schema\\\/person\\\/809a24843ef569f1eb4856f703b578f0\"},\"potentialAction\":[{\"@type\":\"SearchAction\",\"target\":{\"@type\":\"EntryPoint\",\"urlTemplate\":\"https:\\\/\\\/finns-foderhuse.dk\\\/?s={search_term_string}\"},\"query-input\":{\"@type\":\"PropertyValueSpecification\",\"valueRequired\":true,\"valueName\":\"search_term_string\"}}],\"inLanguage\":\"da-DK\"},{\"@type\":[\"Person\",\"Organization\"],\"@id\":\"https:\\\/\\\/finns-foderhuse.dk\\\/#\\\/schema\\\/person\\\/809a24843ef569f1eb4856f703b578f0\",\"name\":\"Finn Ekelund\",\"image\":{\"@type\":\"ImageObject\",\"inLanguage\":\"da-DK\",\"@id\":\"https:\\\/\\\/finns-foderhuse.dk\\\/wp-content\\\/uploads\\\/2025\\\/04\\\/tak-foderhus-str.-3.jpg\",\"url\":\"https:\\\/\\\/finns-foderhuse.dk\\\/wp-content\\\/uploads\\\/2025\\\/04\\\/tak-foderhus-str.-3.jpg\",\"contentUrl\":\"https:\\\/\\\/finns-foderhuse.dk\\\/wp-content\\\/uploads\\\/2025\\\/04\\\/tak-foderhus-str.-3.jpg\",\"width\":800,\"height\":600,\"caption\":\"Finn Ekelund\"},\"logo\":{\"@id\":\"https:\\\/\\\/finns-foderhuse.dk\\\/wp-content\\\/uploads\\\/2025\\\/04\\\/tak-foderhus-str.-3.jpg\"},\"description\":\"Er passioneret hobbymand, der elsker at arbejde i tr\u00e6\",\"sameAs\":[\"http:\\\/\\\/finns-foderhuse.dk\",\"https:\\\/\\\/www.instagram.com\\\/finns_foderhuse\\\/\",\"https:\\\/\\\/www.youtube.com\\\/@finns-foderhuse\"]}]}<\/script>\n<!-- \/ Yoast SEO plugin. -->","yoast_head_json":{"title":"Alt det andet jeg laver - finns-foderhuse","description":"Her kan du se hvad jeg ellers laver, vinreol, tr\u00e6kasser, opskrifter, cykelruter p\u00e5 gravel og landevej, redekasser til mejser, st\u00e6re og egern","robots":{"index":"index","follow":"follow","max-snippet":"max-snippet:-1","max-image-preview":"max-image-preview:large","max-video-preview":"max-video-preview:-1"},"canonical":"https:\/\/finns-foderhuse.dk\/index.php\/alt-det-andet-jeg-laver\/","og_locale":"da_DK","og_type":"article","og_title":"Alt det andet jeg laver - finns-foderhuse","og_description":"Her kan du se hvad jeg ellers laver, vinreol, tr\u00e6kasser, opskrifter, cykelruter p\u00e5 gravel og landevej, redekasser til mejser, st\u00e6re og egern","og_url":"https:\/\/finns-foderhuse.dk\/index.php\/alt-det-andet-jeg-laver\/","og_site_name":"finns-foderhuse","article_modified_time":"2026-02-21T10:06:39+00:00","og_image":[{"url":"https:\/\/finns-foderhuse.dk\/wp-content\/uploads\/2025\/06\/VinReol-flaske-paa-faerdig-reol-1.jpg","type":"","width":"","height":""}],"twitter_card":"summary_large_image","twitter_misc":{"Estimeret l\u00e6setid":"2 minutter"},"schema":{"@context":"https:\/\/schema.org","@graph":[{"@type":"WebPage","@id":"https:\/\/finns-foderhuse.dk\/index.php\/alt-det-andet-jeg-laver\/","url":"https:\/\/finns-foderhuse.dk\/index.php\/alt-det-andet-jeg-laver\/","name":"Alt det andet jeg laver - finns-foderhuse","isPartOf":{"@id":"https:\/\/finns-foderhuse.dk\/#website"},"primaryImageOfPage":{"@id":"https:\/\/finns-foderhuse.dk\/index.php\/alt-det-andet-jeg-laver\/#primaryimage"},"image":{"@id":"https:\/\/finns-foderhuse.dk\/index.php\/alt-det-andet-jeg-laver\/#primaryimage"},"thumbnailUrl":"https:\/\/finns-foderhuse.dk\/wp-content\/uploads\/2025\/06\/VinReol-flaske-paa-faerdig-reol-1.jpg","datePublished":"2026-02-04T06:15:25+00:00","dateModified":"2026-02-21T10:06:39+00:00","description":"Her kan du se hvad jeg ellers laver, vinreol, tr\u00e6kasser, opskrifter, cykelruter p\u00e5 gravel og landevej, redekasser til mejser, st\u00e6re og egern","breadcrumb":{"@id":"https:\/\/finns-foderhuse.dk\/index.php\/alt-det-andet-jeg-laver\/#breadcrumb"},"inLanguage":"da-DK","potentialAction":[{"@type":"ReadAction","target":["https:\/\/finns-foderhuse.dk\/index.php\/alt-det-andet-jeg-laver\/"]}]},{"@type":"ImageObject","inLanguage":"da-DK","@id":"https:\/\/finns-foderhuse.dk\/index.php\/alt-det-andet-jeg-laver\/#primaryimage","url":"https:\/\/finns-foderhuse.dk\/wp-content\/uploads\/2025\/06\/VinReol-flaske-paa-faerdig-reol-1.jpg","contentUrl":"https:\/\/finns-foderhuse.dk\/wp-content\/uploads\/2025\/06\/VinReol-flaske-paa-faerdig-reol-1.jpg","width":899,"height":600,"caption":"vinreol til overskab"},{"@type":"BreadcrumbList","@id":"https:\/\/finns-foderhuse.dk\/index.php\/alt-det-andet-jeg-laver\/#breadcrumb","itemListElement":[{"@type":"ListItem","position":1,"name":"Hjem","item":"https:\/\/finns-foderhuse.dk\/"},{"@type":"ListItem","position":2,"name":"Alt det andet jeg laver"}]},{"@type":"WebSite","@id":"https:\/\/finns-foderhuse.dk\/#website","url":"https:\/\/finns-foderhuse.dk\/","name":"foderhuse og stativer","description":"foderhuse og stativer","publisher":{"@id":"https:\/\/finns-foderhuse.dk\/#\/schema\/person\/809a24843ef569f1eb4856f703b578f0"},"potentialAction":[{"@type":"SearchAction","target":{"@type":"EntryPoint","urlTemplate":"https:\/\/finns-foderhuse.dk\/?s={search_term_string}"},"query-input":{"@type":"PropertyValueSpecification","valueRequired":true,"valueName":"search_term_string"}}],"inLanguage":"da-DK"},{"@type":["Person","Organization"],"@id":"https:\/\/finns-foderhuse.dk\/#\/schema\/person\/809a24843ef569f1eb4856f703b578f0","name":"Finn Ekelund","image":{"@type":"ImageObject","inLanguage":"da-DK","@id":"https:\/\/finns-foderhuse.dk\/wp-content\/uploads\/2025\/04\/tak-foderhus-str.-3.jpg","url":"https:\/\/finns-foderhuse.dk\/wp-content\/uploads\/2025\/04\/tak-foderhus-str.-3.jpg","contentUrl":"https:\/\/finns-foderhuse.dk\/wp-content\/uploads\/2025\/04\/tak-foderhus-str.-3.jpg","width":800,"height":600,"caption":"Finn Ekelund"},"logo":{"@id":"https:\/\/finns-foderhuse.dk\/wp-content\/uploads\/2025\/04\/tak-foderhus-str.-3.jpg"},"description":"Er passioneret hobbymand, der elsker at arbejde i tr\u00e6","sameAs":["http:\/\/finns-foderhuse.dk","https:\/\/www.instagram.com\/finns_foderhuse\/","https:\/\/www.youtube.com\/@finns-foderhuse"]}]}},"_links":{"self":[{"href":"https:\/\/finns-foderhuse.dk\/index.php\/wp-json\/wp\/v2\/pages\/3963","targetHints":{"allow":["GET"]}}],"collection":[{"href":"https:\/\/finns-foderhuse.dk\/index.php\/wp-json\/wp\/v2\/pages"}],"about":[{"href":"https:\/\/finns-foderhuse.dk\/index.php\/wp-json\/wp\/v2\/types\/page"}],"author":[{"embeddable":true,"href":"https:\/\/finns-foderhuse.dk\/index.php\/wp-json\/wp\/v2\/users\/1"}],"replies":[{"embeddable":true,"href":"https:\/\/finns-foderhuse.dk\/index.php\/wp-json\/wp\/v2\/comments?post=3963"}],"version-history":[{"count":25,"href":"https:\/\/finns-foderhuse.dk\/index.php\/wp-json\/wp\/v2\/pages\/3963\/revisions"}],"predecessor-version":[{"id":3989,"href":"https:\/\/finns-foderhuse.dk\/index.php\/wp-json\/wp\/v2\/pages\/3963\/revisions\/3989"}],"wp:attachment":[{"href":"https:\/\/finns-foderhuse.dk\/index.php\/wp-json\/wp\/v2\/media?parent=3963"}],"curies":[{"name":"wp","href":"https:\/\/api.w.org\/{rel}","templated":true}]}}